= -3*v + 30. Suppose v*m - 3*j - 13268 = 0, 4*j = 2*m + 62 - 5372. Is m a prime number?
False
Let c = -12 - -11. Let d be (c*2)/((-2)/5). Suppose 0 = -3*x - q + 148, -x + d*q + 36 + 8 = 0. Is x prime?
False
Let l(v) = -v**2 - v + 1. Let a(q) = 27*q**2 - 8*q - 4. Let i(n) = a(n) - l(n). Is i(-4) a composite number?
True
Let m be -3 - (-342 - (2 + 2)). Let o = m - -2878. Is o a composite number?
False
Let p(c) = -2352*c + 235. Is p(-12) a prime number?
False
Suppose 35*c = 36*c - 6619. Is c prime?
True
Suppose -325*d + 335*d - 47370 = 0. Is d composite?
True
Suppose -3*m - 44 = -2*s + 153, 0 = -m + s - 67. Let t be -4 - 0/(-2) - 85. Let q = m - t. Is q prime?
False
Suppose 0 = -0*z + 2*z + 8. Let t(w) = -w - 8. Let j be t(z). Let q(v) = 10*v**2 + v - 1. Is q(j) prime?
False
Let k(g) = 2*g**2 - 4*g + 3. Suppose 2*t - 4 = 3*d, 4*t = 2*d + 13 + 3. Let n be k(d). Suppose 3*o - 5*b = 1651, -2*o - n*b + 6*b = -1102. Is o prime?
True
Let x = 14 + 147. Is x prime?
False
Let c(b) = 7*b**3 + 2*b**2 + b + 15. Is c(7) a composite number?
False
Suppose -16*q + 23731 = -11*q + 4*v, 3*v = -2*q + 9491. Is q a prime number?
False
Let y = 8506 + 4063. Is y prime?
True
Let t(o) = -o**3 - 8*o**2 - 2*o - 10. Let g be t(-8). Suppose -v - 4 = -g. Suppose -2*m = 2*m - 4*d - 1500, 1492 = 4*m - v*d. Is m prime?
False
Suppose -s - 2*s = 4*w + 12, 5*s + 3*w + 9 = 0. Suppose 5*i = -o + 4*o + 3, s = -3*i - 2*o + 17. Is (-24)/i*(-65)/20 a composite number?
True
Suppose -5*h + 4*h = -6. Suppose h*v - 1224 - 762 = 0. Is v composite?
False
Suppose -44 = -7*x + 18*x. Is 5/x - -1 - 57501/(-36) a prime number?
True
Suppose -f - t = -67, 0 = f - 3*t + 5*t - 65. Suppose 5*h - 2*h - 2514 = 0. Let i = h - f. Is i a composite number?
False
Let l(h) be the second derivative of -h**2 + 0 + 9*h + 151/2*h**3. Is l(1) a composite number?
True
Suppose -25*z + 1767991 = -469834. Is z prime?
True
Let f(u) = 46*u**2 + 2*u - 243. Is f(11) prime?
False
Let w(r) = 16*r + 30. Let a be w(13). Let j = a - -213. Is j a composite number?
True
Let a(g) = 920*g - 80. Let d(c) = -34*c + 3. Let l(h) = 2*a(h) + 55*d(h). Let t be ((-8)/3)/((-1)/(-6)). Is l(t) a composite number?
True
Suppose -95*z + 697148 = -19*z. Is z composite?
False
Let s = -5136 + 8859. Suppose 0 = -f - 1, 2*x - 4*x = -f - s. Is x a prime number?
True
Suppose -5*m - 1123 = 167. Let q = m + 551. Is q composite?
False
Suppose 4*l - l - 1 = 4*f, -4*l - f + 14 = 0. Suppose -w + 4606 = -l*j, 3*w - 6*j + j = 13838. Is w composite?
False
Let c(p) = -2*p + 11. Let s be c(3). Suppose -3*b - 620 = -5*l, -650 = -s*l + 2*b - 5*b. Is l a prime number?
True
Let u = 3027 - 1670. Is u prime?
False
Suppose t - 3088 = -4*y - 788, -2*t - 1714 = -3*y. Let h = -1481 + y. Is (-4 - -1)*h/3 a composite number?
False
Suppose 34 = -2*v + 38. Suppose -l - v = -2*l. Suppose 2*k = -l*k + 892. Is k a composite number?
False
Suppose -37*v = -42*v + 3285. Suppose 34 - v = -7*w. Is w a prime number?
True
Suppose 6*u + 15360 = 86322. Is u composite?
False
Let q = -117 + 304. Suppose 10*i + q = 11*i. Is i prime?
False
Let a = 2622 - -625. Is a prime?
False
Suppose 0 = 6*z - 2 - 10. Suppose 3*o + 2*o + l = 12087, 0 = -z*o + 4*l + 4826. Is o a composite number?
False
Is -263*(-118)/(-8)*4*-1 a prime number?
False
Is 951 + (-3)/(-2)*(-68)/(-51) composite?
False
Let i = -1475 - -3184. Is i composite?
False
Let f(c) = 178*c**2 + 5*c - 11. Is f(4) a composite number?
False
Let x(u) = -475 - 2*u + 934 + 0*u + 2796. Let r be x(0). Suppose 2*h + 5*p - 132 = 1199, -5*h + 2*p + r = 0. Is h prime?
True
Let p(l) = 2*l**2 - 18*l - 2. Let w be p(13). Let n = w - 296. Is (0 + 5)*n/(-10) a composite number?
False
Let h(i) = -5*i - i**3 + 4*i - 3*i - 9*i - i**2 + 13. Is h(-10) a prime number?
False
Let h = -1746 - 195. Suppose -2*m + 5220 = -1768. Let q = m + h. Is q composite?
False
Suppose 5*o - 35846 = -2*y, -2*o - 89677 = -5*y + o. Is y a prime number?
False
Let u = 51 + -56. Let y(h) = h**2 + h + 3. Is y(u) composite?
False
Let i(h) = 17*h**2 + 6*h - 38. Let c(n) = -13*n**2 - 7*n + 39. Let q(d) = -4*c(d) - 3*i(d). Let t = 24 + -41. Is q(t) composite?
True
Suppose f + f = -l + 11324, -5*l - 10 = 0. Is f a composite number?
True
Let n(c) = 1105*c - 233. Is n(4) prime?
False
Suppose -4*l - 4683 = -t, -9*l = -10*l + 5. Is t a prime number?
True
Is (7 - (-361)/(-2))/(1/(-2)) prime?
True
Let a be (-40)/6*(-42)/35. Suppose 0 = -a*u + 10*u - 268. Is u composite?
True
Suppose 5*h + 5*v = 6190, 0 = 3*h + 2*h - v - 6178. Suppose h = 8*a - 3812. Is a composite?
False
Let a = 20 + -17. Suppose 3*r + a*p = 1932, -5*r + p + 605 + 2633 = 0. Is r a composite number?
False
Let r be (-2)/(-3)*(-4 - -1). Let k(d) = -4 + 3*d**2 - 4*d**3 + 2 - 26*d + 28*d. Is k(r) a prime number?
False
Let p(k) = -58*k**2 + 2*k + 69. Let a be p(15). Is (a/(-18))/(2/4) prime?
True
Suppose -3145 = -3*m - 7*h + 2*h, 4*m - h - 4155 = 0. Suppose -m = -y - 29. Suppose 0*c = 3*c - y. Is c composite?
False
Suppose -2*f + 20*f = 109818. Is f a composite number?
False
Let p be (-2)/(1 + 1) - -5. Suppose 3*g - 1007 = 2*x, 333 = 5*g - p*g + 2*x. Is g prime?
False
Let s = 169 - -72. Suppose -s = 4*r - 7*r - x, 0 = -5*r + 5*x + 375. Is r prime?
True
Suppose 0 = -4*n + r + 51020, -r = -2*r. Is n a composite number?
True
Suppose -6*c - 129 = -3015. Is c prime?
False
Suppose 3*i = v - 3440, -18*v + 3*i + 10338 = -15*v. Is v composite?
False
Let g = 359 - 31. Suppose -3528 = -5*a + 97. Let t = a - g. Is t composite?
False
Let z(v) = 134*v**2 + 25*v + 28. Is z(13) a prime number?
False
Suppose -5*w + 2*i + 0*i = -28309, -w + 5660 = -i. Is w composite?
True
Suppose -5*o = -h - 7, 2*o + 2*h - 16 = -2*h. Suppose o*t = t + 58. Is t*(245/(-10))/(-7) a prime number?
False
Let d = 61674 + -28567. Is d a prime number?
True
Let r(c) = c + 2. Let z(m) = m**3 - 6*m**2 + 6*m - 2. Let q be z(5). Let v be r(q). Suppose 0 = -h - 2*y + 16, -v*y + 35 = h + h. Is h prime?
False
Suppose u - 1324 = 3339. Is u a prime number?
True
Is 12/8 - (-4)/((-24)/(-29289)) prime?
False
Suppose 64*r + 51368 = 72*r. Is r a composite number?
False
Suppose -11*d + 461565 = -113284. Is d a composite number?
False
Let r be 0 - -1 - (1 + 3206). Let h be (r/5)/(1/(-5)). Suppose h = 5*w + y, -4*y + 778 = 4*w - 1790. Is w prime?
True
Suppose 0 = 5*p - 8*k + 5*k - 71126, 0 = -5*p - 5*k + 71150. Is p a composite number?
True
Let z(l) = -2*l**3 + 2*l**2 - 7*l + 5. Let y be z(4). Suppose -4*k - 416 = -6*k. Let r = k + y. Is r a composite number?
False
Suppose 0 = 2*d - i + 3*i - 20, i - 31 = -4*d. Let y = d - -9. Let k = y + 63. Is k prime?
True
Let y = 4 + -6. Let m(n) be the first derivative of 50*n**3/3 - n**2 - n + 23. Is m(y) prime?
False
Suppose -2*s - 3*o + 3592 = 0, 2*s + 5*o + 1602 = 5186. Suppose -12*q + 10*q = -s. Is q prime?
False
Suppose -6 = -4*q + 226. Let b be (1 - -2)*(1 - -22). Suppose -b = -c + q. Is c a prime number?
True
Let c(j) be the first derivative of j**2/2 + 127*j + 8. Let q(w) = w**2 - w. Let x be q(0). Is c(x) prime?
True
Suppose 24*w - 29*w - 29784 = -4*z, 3*w = 5*z - 37243. Is z prime?
True
Let q(l) = 491*l**2 + 2*l - 96. Is q(7) composite?
False
Is ((-6)/12)/(-1*1/21446) a composite number?
False
Suppose 32 - 42 = -2*r, 5*r = -2*z + 58631. Is z a composite number?
False
Suppose -m - 89 = -4*t, -3*m - 17 = -t - 3. Suppose 2721 = t*g - 20*g. Is g a composite number?
False
Let l = 639 - 160. Is l composite?
False
Let f(n) = 22*n**2 + 2*n - 3. Let t be (3 - -1) + -15 + 13. Is f(t) a composite number?
False
Suppose -4*a + 12 = -u, -4*u - 7 - 5 = -4*a. Suppose -j = j, -5*y - a*j = -2405. Suppose -279 = -3*d - 3*p, 0 = -3*d - 2*d - p + y. Is d a composite number?
False
Let a be 68/18 - (-26)/117. Suppose 3*t = -3*v + 22 - a, v = -2*t + 7. Is (-371)/(-7)*(t + 0) a prime number?
True
Suppose 0 = 2*v + 3*c - 8098 - 4569, 12662 = 2*v + 2*c. Is v prime?
False
Suppose -c - 3*b + 0 = -15, 9 = 3*b. Suppose 5*s + 25 = 0, 2*u + c*s = 2*s + 938. Is u a prime number?
True
Suppose 0 = -5*j + 15750 + 8285. Let x = 862 + j. Is x composite?
False
Suppose -2815 = -3*w - 1132. Let g = w + 170. Is g prime?
False
Let m(b) = 2396*b - 173. Is m(6) prime?
False
Suppose -3*y + h = -0 + 207, y = 2*h - 74. Let b = y - -28. Let c = b + 97. Is c a composite number?
True
Let j = -21 +